{"id":781,"date":"2014-03-09T01:43:29","date_gmt":"2014-03-09T01:43:29","guid":{"rendered":"http:\/\/www.wierszowisko.com\/?page_id=781"},"modified":"2019-11-28T20:22:23","modified_gmt":"2019-11-28T20:22:23","slug":"koordynatorzy","status":"publish","type":"page","link":"https:\/\/www.wierszowisko.com\/?page_id=781","title":{"rendered":"Koordynatorzy"},"content":{"rendered":"<p>Koordynacja organizacji Wierszowiska jest w r\u0119kach zarz\u0105du <a href=\"http:\/\/www.fpsn.nl\/pl\/zarzad\" target=\"_blank\" rel=\"noopener noreferrer\">Forum Polskich Szk\u00f3\u0142 w Holandii.<\/a><\/p>\n<p>Kontakt: info@wierszowisko.com<\/p>\n<p>Dla sponsor\u00f3w: reklama@wierszowisko.com<\/p>\n<p>&nbsp;<\/p>\n<p><strong>Koordynatorzy w latach 2000-2015<\/strong><\/p>\n<p><strong>Ma\u0142gorzata Sm\u00f3\u0142ka<\/strong><\/p>\n<p>Pochodzi ze Stargardu Szczeci\u0144skiego. Uko\u0144czy\u0142a studia w Wy\u017cszej Szkole Pedagogicznej w Zielonej G\u00f3rze, na kierunku Pedagogika Kulturalno-O\u015bwiatowa, fakultet teatralny. W Holandii jest od 1995 roku.Pracowa\u0142a mi\u0119dzy innymi w Polskiej Szkole im. Ireny Kwiatkowskiej w Nijmegen. Przez kilka dobrych lat wspiera\u0142a Zarz\u0105d Forum Polskich Szk\u00f3\u0142 w Holandii- spo\u0142ecznej organizacji, skupiaj\u0105cej sobotnie szko\u0142y spo\u0142eczne, dzia\u0142aj\u0105ce na terenie Holandii od 1996 roku. Od 1999 roku organizuje Wierszowisko czyli Festiwal Polskiej Poezji dla Dzieci.<\/p>\n<p>W pa\u017adzierniku 2010 roku za\u0142o\u017cy\u0142a Fundacj\u0119 MMusic Polsko-Holenderskie Biuro koncertowe i Impresariat. Do cel\u00f3w Fundacji nale\u017cy w szczeg\u00f3lno\u015bci: popularyzacja polskiej muzyki jazzowej na terenie Kr\u00f3lestwa Niderland\u00f3w oraz kraj\u00f3w o\u015bciennych oraz popularyzacja holenderskiego jazzu na terenie Polski. MMusic reprezentuje obecnie nast\u0119puj\u0105cych muzyk\u00f3w i zespo\u0142y: Franz von Choosy, Cezary Konrad, Dorota Mi\u015bkiewicz, W\u0142odek Pawlik, \u0141ukasz Pawlik, Maurits Roes, Filip Wojciechowski. www.mmusic.eu<\/p>\n<p>Laureatka Polonusa 2014<\/p>\n<p><strong>Tomasz Karawajczyk<\/strong><\/p>\n<p>Urodzi\u0142 si\u0119 w Legnicy, wykszta\u0142cenie Wy\u017csze magisterskie zdobyte we Wroc\u0142awiu na PWT, uko\u0144czy\u0142 tam r\u00f3wnie\u017c podyplomowe studia dziennikarskie. Jedn\u0105 trzeci\u0105 swojego \u017cycia sp\u0119dzi\u0142 w Holandii, gdzie prowadzi\u0142 w\u0142asne studio graficzne www.GraphicalStroke.com<\/p>\n<p>Z Wierszowiskiem zwi\u0105zany od 2003 roku. Silnie zaanga\u017cowany w \u015brodowiskach polonijnych na rzecz krzewienia j\u0119zyka polskiego i kultury polskiej poprzez promocj\u0119 i organizacj\u0119 spotka\u0144 ze znanymi osobami, go\u015b\u0107mi z Polski i ca\u0142ego \u015bwiata. W spo\u0142eczno\u015bci rotterdamskiej obecny od 2004 roku, najpierw jako wiceprzewodnicz\u0105cy szko\u0142y, nauczyciel i grafik, a po przeprowadzce do Arnhem przyjaciel i webmaster Niderlandzko-Polskiego Centrum Kultury i Edukacji.<\/p>\n<p>Do 2013 roku wspiera\u0142 Zarz\u0105d Forum Polskich Szk\u00f3\u0142 w Holandii i reprezentowa\u0142 Europ\u0119 Zachodni\u0105 w Radzie O\u015bwiaty Polonijnej przy Ministerstwie Edukacji Narodowej, jako organ doradczy i opiniotw\u00f3rczy. Wyniesione do\u015bwiadczenie z pracy w spo\u0142ecznych szko\u0142ach polonijnych wykorzysta\u0142 w pracach nad tworzeniem internetowego programu metodycznego &#8220;W\u0142\u0105cz Polsk\u0119&#8221; dla nauczycieli i rodzic\u00f3w poza granicami Polski.<\/p>\n<p>Laureat Polonusa 2012<\/p>\n<p><strong>Ela&nbsp; Rodenburg<\/strong><\/p>\n<p>Pochodzi z Lublina, gdzie sko\u0144czy\u0142a studia prawnicze na Uniwersytecie Marie Curie- Sk\u0142odowskiej. W 1995 roku przyjecha\u0142a do Holandii. Mieszka z rodzin\u0105 w Tilburgu. W latach od 2003 do 2008 pracowa\u0142a miedzy innymi w Zarz\u0105dzie Polskiej Szko\u0142y w Tilburgu, najpierw jako skarbnik a od 2006 jako przewodnicz\u0105ca. W latach 2010-2014 aktywna jako vice-przewodnicz\u0105ca Fundacji PLON (Polska Platforma Porozumiewawcza w Holandii). Aktywnie uczestniczy w w \u017cyciu Polonii w Holandii oraz w debatach na temat bezpiecze\u0144stwa i warunk\u00f3w pracy naszych rodak\u00f3w w Holandii.<\/p>\n<p><strong>Joanna Hoppe<\/strong><\/p>\n<p>Zajmowa\u0142a si\u0119 kontaktami z darczy\u0144cami Wierszowiska<\/p>\n<p>&nbsp;<\/p>\n","protected":false},"excerpt":{"rendered":"<p>Koordynacja organizacji Wierszowiska jest w r\u0119kach zarz\u0105du Forum Polskich Szk\u00f3\u0142 w Holandii.<\/p>\n<p>Kontakt: info@wierszowisko.com<\/p>\n<p>Dla sponsor\u00f3w: reklama@wierszowisko.com<\/p>\n<p>&nbsp;<\/p>\n<p>Koordynatorzy w latach 2000-2015<\/p>\n<p>Ma\u0142gorzata Sm\u00f3\u0142ka<\/p>\n<p>Pochodzi ze Stargardu Szczeci\u0144skiego. Uko\u0144czy\u0142a studia w Wy\u017cszej Szkole Pedagogicznej w Zielonej G\u00f3rze, na kierunku Pedagogika Kulturalno-O\u015bwiatowa, fakultet teatralny. W Holandii jest od 1995 roku.Pracowa\u0142a mi\u0119dzy innymi w Polskiej Szkole im. [&#8230;]<\/p>\n","protected":false},"author":1,"featured_media":0,"parent":790,"menu_order":3,"comment_status":"closed","ping_status":"closed","template":"","meta":{"ngg_post_thumbnail":0,"spay_email":""},"_links":{"self":[{"href":"https:\/\/www.wierszowisko.com\/index.php?rest_route=\/wp\/v2\/pages\/781"}],"collection":[{"href":"https:\/\/www.wierszowisko.com\/index.php?rest_route=\/wp\/v2\/pages"}],"about":[{"href":"https:\/\/www.wierszowisko.com\/index.php?rest_route=\/wp\/v2\/types\/page"}],"author":[{"embeddable":true,"href":"https:\/\/www.wierszowisko.com\/index.php?rest_route=\/wp\/v2\/users\/1"}],"replies":[{"embeddable":true,"href":"https:\/\/www.wierszowisko.com\/index.php?rest_route=%2Fwp%2Fv2%2Fcomments&post=781"}],"version-history":[{"count":24,"href":"https:\/\/www.wierszowisko.com\/index.php?rest_route=\/wp\/v2\/pages\/781\/revisions"}],"predecessor-version":[{"id":3603,"href":"https:\/\/www.wierszowisko.com\/index.php?rest_route=\/wp\/v2\/pages\/781\/revisions\/3603"}],"up":[{"embeddable":true,"href":"https:\/\/www.wierszowisko.com\/index.php?rest_route=\/wp\/v2\/pages\/790"}],"wp:attachment":[{"href":"https:\/\/www.wierszowisko.com\/index.php?rest_route=%2Fwp%2Fv2%2Fmedia&parent=781"}],"curies":[{"name":"wp","href":"https:\/\/api.w.org\/{rel}","templated":true}]}}

<p>Koordynacja organizacji Wierszowiska jest w rękach zarządu <a href="http://www.fpsn.nl/pl/zarzad" target="_blank" rel="noopener noreferrer">Forum Polskich Szkół w Holandii.</a></p>
<p>Kontakt: info@wierszowisko.com</p>
<p>Dla sponsorów: reklama@wierszowisko.com</p>
<p>&nbsp;</p>
<p><strong>Koordynatorzy w latach 2000-2015</strong></p>
<p><strong>Małgorzata Smółka</strong></p>
<p>Pochodzi ze Stargardu Szczecińskiego. Ukończyła studia w Wyższej Szkole Pedagogicznej w Zielonej Górze, na kierunku Pedagogika Kulturalno-Oświatowa, fakultet teatralny. W Holandii jest od 1995 roku.Pracowała między innymi w Polskiej Szkole im. Ireny Kwiatkowskiej w Nijmegen. Przez kilka dobrych lat wspierała Zarząd Forum Polskich Szkół w Holandii- społecznej organizacji, skupiającej sobotnie szkoły społeczne, działające na terenie Holandii od 1996 roku. Od 1999 roku organizuje Wierszowisko czyli Festiwal Polskiej Poezji dla Dzieci.</p>
<p>W październiku 2010 roku założyła Fundację MMusic Polsko-Holenderskie Biuro koncertowe i Impresariat. Do celów Fundacji należy w szczególności: popularyzacja polskiej muzyki jazzowej na terenie Królestwa Niderlandów oraz krajów ościennych oraz popularyzacja holenderskiego jazzu na terenie Polski. MMusic reprezentuje obecnie następujących muzyków i zespoły: Franz von Choosy, Cezary Konrad, Dorota Miśkiewicz, Włodek Pawlik, Łukasz Pawlik, Maurits Roes, Filip Wojciechowski. www.mmusic.eu</p>
<p>Laureatka Polonusa 2014</p>
<p><strong>Tomasz Karawajczyk</strong></p>
<p>Urodził się w Legnicy, wykształcenie Wyższe magisterskie zdobyte we Wrocławiu na PWT, ukończył tam również podyplomowe studia dziennikarskie. Jedną trzecią swojego życia spędził w Holandii, gdzie prowadził własne studio graficzne www.GraphicalStroke.com</p>
<p>Z Wierszowiskiem związany od 2003 roku. Silnie zaangażowany w środowiskach polonijnych na rzecz krzewienia języka polskiego i kultury polskiej poprzez promocję i organizację spotkań ze znanymi osobami, gośćmi z Polski i całego świata. W społeczności rotterdamskiej obecny od 2004 roku, najpierw jako wiceprzewodniczący szkoły, nauczyciel i grafik, a po przeprowadzce do Arnhem przyjaciel i webmaster Niderlandzko-Polskiego Centrum Kultury i Edukacji.</p>
<p>Do 2013 roku wspierał Zarząd Forum Polskich Szkół w Holandii i reprezentował Europę Zachodnią w Radzie Oświaty Polonijnej przy Ministerstwie Edukacji Narodowej, jako organ doradczy i opiniotwórczy. Wyniesione doświadczenie z pracy w społecznych szkołach polonijnych wykorzystał w pracach nad tworzeniem internetowego programu metodycznego &#8220;Włącz Polskę&#8221; dla nauczycieli i rodziców poza granicami Polski.</p>
<p>Laureat Polonusa 2012</p>
<p><strong>Ela&nbsp; Rodenburg</strong></p>
<p>Pochodzi z Lublina, gdzie skończyła studia prawnicze na Uniwersytecie Marie Curie- Skłodowskiej. W 1995 roku przyjechała do Holandii. Mieszka z rodziną w Tilburgu. W latach od 2003 do 2008 pracowała miedzy innymi w Zarządzie Polskiej Szkoły w Tilburgu, najpierw jako skarbnik a od 2006 jako przewodnicząca. W latach 2010-2014 aktywna jako vice-przewodnicząca Fundacji PLON (Polska Platforma Porozumiewawcza w Holandii). Aktywnie uczestniczy w w życiu Polonii w Holandii oraz w debatach na temat bezpieczeństwa i warunków pracy naszych rodaków w Holandii.</p>
<p><strong>Joanna Hoppe</strong></p>
<p>Zajmowała się kontaktami z darczyńcami Wierszowiska</p>
<p>&nbsp;</p>

<p>Koordynacja organizacji Wierszowiska jest w rękach zarządu Forum Polskich Szkół w Holandii.</p>
<p>Kontakt: info@wierszowisko.com</p>
<p>Dla sponsorów: reklama@wierszowisko.com</p>
<p>&nbsp;</p>
<p>Koordynatorzy w latach 2000-2015</p>
<p>Małgorzata Smółka</p>
<p>Pochodzi ze Stargardu Szczecińskiego. Ukończyła studia w Wyższej Szkole Pedagogicznej w Zielonej Górze, na kierunku Pedagogika Kulturalno-Oświatowa, fakultet teatralny. W Holandii jest od 1995 roku.Pracowała między innymi w Polskiej Szkole im. [&#8230;]</p>
