{"id":3945,"date":"2021-07-11T21:30:40","date_gmt":"2021-07-11T21:30:40","guid":{"rendered":"https:\/\/www.wierszowisko.com\/?page_id=3945"},"modified":"2022-04-14T13:50:34","modified_gmt":"2022-04-14T13:50:34","slug":"wierszowisko-2021","status":"publish","type":"page","link":"https:\/\/www.wierszowisko.com\/?page_id=3945","title":{"rendered":"Wierszowisko 2021"},"content":{"rendered":"<p>XX Wierszowisko w zwi\u0105zku z pandemi\u0105 odby\u0142o si\u0119 w roku 2021.<\/p>\n<p>XX Wierszowisko za nami. By\u0142o inaczej ni\u017c zwykle. To na pewno. Niezupe\u0142nie tak jak planowali\u015bmy jubileuszowy konkurs, ale zmiana wymuszona pandemi\u0105 przynios\u0142a te\u017c nieoczekiwane korzy\u015bci. Planowane na rok 2020 zosta\u0142o odwo\u0142ane niespe\u0142na 2 tygodnie przed wydarzeniem. W 2021 uda\u0142o si\u0119 zorganizowa\u0107 konkurs w dostosowanej do obostrze\u0144 formule. Szko\u0142y przeprowadzi\u0142y etapy szkolne w czasie kt\u00f3rych uczestnicy prezentowali wiersze przed szkoln\u0105 publiczno\u015bci\u0105. Tam gdzie nie by\u0142o to mo\u017cliwe \u2013 wyst\u0119py odby\u0142y si\u0119 w domach. Ka\u017cda recytacja zosta\u0142a nagrana i przes\u0142ana jurorom. Etap szkolny by\u0142 dla wielu uczestnik\u00f3w powodem dla kt\u00f3rego zdecydowali si\u0119 na wyst\u0119p! Wielka scena w teatrze onie\u015bmiela \u2013 wyst\u0119p przed kolegami ze szko\u0142y jest mniej stresuj\u0105cy.<\/p>\n<p>W XX edycji Wierszowiska uczestniczy\u0142o 76 uczestnik\u00f3w z 12 szk\u00f3\u0142 cz\u0142onkowskich. Jak zwykle ka\u017cdy uczestnik za udzia\u0142 otrzyma\u0142 medal, dyplom i upominki \u2013 w tym roku z jubileuszowym misiem. Pi\u0119knie dzi\u0119kujemy szko\u0142om za przeprowadzenie etap\u00f3w szkolnych!<br \/>\nJurorzy obejrzeli wszystkie nagrane wyst\u0119py i przyznali punkty. Mimo, \u017ce nie by\u0142o to \u0142atwy wyb\u00f3r \u2013 bo wszystkie wyst\u0119py by\u0142y pi\u0119kne \u2013 jury by\u0142o wyj\u0105tkowo zgodne w sprawie g\u0142\u00f3wnych nagr\u00f3d. Laureaci zostali wy\u0142onieni na podstawie punktacji juror\u00f3w, przyznane zosta\u0142y wyr\u00f3\u017cnienia w poszczeg\u00f3lnych kategoriach wiekowych a tak\u017ce indywidualne wyr\u00f3\u017cnienia juror\u00f3w (ka\u017cdy z juror\u00f3w m\u00f3g\u0142 wybra\u0107 jednego uczestnika spo\u015br\u00f3d wszystkich wyst\u0119puj\u0105cych).<\/p>\n<p>Pomys\u0142\u00f3w na fina\u0142 by\u0142o kilka \u2013 ale najwa\u017cniejsze by\u0142o, aby zorganizowa\u0107 spotkanie na \u017cywo. Wyb\u00f3r szko\u0142y w Tilburgu nie by\u0142 przypadkowy \u2013 wiedzieli\u015bmy, \u017ce szko\u0142a ma nie tylko warunki lokalowe, ale przede wszystkim zesp\u00f3\u0142 kt\u00f3ry podo\u0142a wyzwaniu jakim by\u0142o zorganizowanie wydarzenia w tak kr\u00f3tkim czasie. Szko\u0142a jest te\u017c jedn\u0105 z najbardziej aktywnych i zaanga\u017cowanych w Wierszowisko, a w tym roku to z PS Tilburg by\u0142o zg\u0142oszonych najwi\u0119cej uczestnik\u00f3w. Symbolicznie te\u017c jubileuszowe wydarzenie odby\u0142o si\u0119 w Tilburgu \u2013 tam gdzie si\u0119 zacz\u0119\u0142o 21 lat temu! Dzi\u0119kujemy pi\u0119knie szkole w Tilburgu za wsp\u00f3\u0142organizowanie fina\u0142u!<br \/>\nA w Tilburgu by\u0142o&#8230; s\u0142onecznie, \u017c\u00f3\u0142to, s\u0142odko i rado\u015bnie!<\/p>\n<p><strong>S\u0141ONECZNIE<\/strong> za spraw\u0105 wierszowiskowego s\u0142oneczka, kt\u00f3re pojawi\u0142o si\u0119 w dziesi\u0105tkach r\u00f3\u017cnych ods\u0142on \u2013 na ekranie, na banerach, na rysunkach dzieci, na kamieniach Kei Tof malowanych przez dzieci, na trawniku przed budynkiem, na torcie a nawet na butelkach z wod\u0105 przygotowanych przez gospodarzy! S\u0142oneczne by\u0142y u\u015bmiechy uczestnik\u00f3w i dumnych rodzic\u00f3w.<br \/>\n<strong>\u017b\u00d3\u0141TO<\/strong> by\u0142o za spraw\u0105 z\u0142ota puchar\u00f3w i cyfry \u201e20\u201d na scenie a najbardziej za spraw\u0105 s\u0142onecznik\u00f3w zdobi\u0105cych scen\u0119 i podarowanych w podzi\u0119kowaniu wolontariuszom i rodzicom finalist\u00f3w.<br \/>\n<strong>S\u0141ODKO<\/strong> by\u0142o z powodu wyst\u0119p\u00f3w najm\u0142odszych uczestnik\u00f3w i jubileuszowych tort\u00f3w \u2013 a\u017c dw\u00f3ch \u2013 podarowanych przez sponsor\u00f3w Wierszowiska. S\u0142odki by\u0142 te\u017c mi\u00f3d z w\u0142asnej pasieki jaki przywi\u00f3z\u0142 juror Tomek i podarowa\u0142 go\u015bciom oraz wyr\u00f3\u017cnionej przez siebie uczestniczce za wiersz \u201eBosa osa\u201d. Uroczo s\u0142odkie by\u0142y jubileuszowe misie i wata cukrowa kt\u00f3r\u0105 cz\u0119stowane by\u0142y dzieci.<br \/>\n<strong>RADO\u015aNIE<\/strong> by\u0142o z powodu spotkania na \u017cywo, emocji towarzysz\u0105cym wyst\u0119pom \u2013 u\u015bmiechom, dumie, euforii. Radosny by\u0142 te\u017c taniec pingwinka ta\u0144czony przez dawnych organizator\u00f3w Gosi\u0119 i Tomka i wsp\u00f3lnie od\u015bpiewany hymn Wierszowiska i gromkie \u201eSto lat\u201d dla naszego festiwalu.<\/p>\n<p>Mi\u00f3d na serce takie spotkania! A serca doznawa\u0142y te\u017c wzrusze\u0144 \u2013 co objawia\u0142o si\u0119 \u0142zami w oczach rodzic\u00f3w, a nawet szlochom niekt\u00f3rych mam w czasie wyst\u0119p\u00f3w ich dzieci, czy te\u017c \u0142amaniu si\u0119 g\u0142osu go\u015bci i juror\u00f3w w czasie podzi\u0119kowa\u0144, przem\u00f3w i wspomnie\u0144. Wzrusze\u0144 dostarczy\u0142y te\u017c zdj\u0119cia z dawnych Wierszowisk oraz pojawienie si\u0119 na scenie uczestnik\u00f3w wyst\u0119puj\u0105cych po raz 5,6,7,8, 9 a niekt\u00f3rzy jak Klara Cyrys po raz 10! Dla rodzic\u00f3w Klary z tej okazji przygotowali\u015bmy podzi\u0119kowanie i specjalny dyplom, ale w tym roku ka\u017cdy rodzic zosta\u0142 obdarowany s\u0142onecznikiem. Ka\u017cde dziecko po wyst\u0119pie przekaza\u0142o rodzicom kwiat w podzi\u0119kowaniu za nauk\u0119 polskiego. A my \u2013 organizatorzy \u2013 dzi\u0119kujemy rodzicom za zg\u0142oszenie dzieci do udzia\u0142u w Wierszowisku i powroty co rok na konkurs.<br \/>\nJak zwykle najcudowniejsze by\u0142y dzieci i m\u0142odzie\u017c. Ci najmniejsi biegaj\u0105cy pod scen\u0105, nie mog\u0105c si\u0119 doczeka\u0107 kiedy przyjdzie ich kolej! Tacy jak Kamil, kt\u00f3ry dopytywa\u0142 organizator\u00f3w: Prosz\u0119 pani! A czy wszyscy dostan\u0105 puchary! Bo ja bym bardzo chcia\u0142 taki z\u0142oty dosta\u0107!<\/p>\n<p>Ci starsi, kt\u00f3rzy pi\u0119knie wyst\u0119powali na scenie &#8211; a wi\u0119kszo\u015b\u0107 zaprezentowa\u0142a si\u0119 przez publiczno\u015bci\u0105 znacznie lepiej ni\u017c przed obiektywem kamery w czasie nagra\u0144 etap\u00f3w szkolnych. Scena, \u015bwiat\u0142a, mikrofon, publiczno\u015b\u0107 nada\u0142y wyst\u0119pom innej oprawy a uczestnikom doda\u0142y skrzyde\u0142!<br \/>\nNie zabrak\u0142o te\u017c weso\u0142ych moment\u00f3w \u2013 jak wtedy gdy Franek z apetytem zacz\u0105\u0142 zajada\u0107 chleb, kt\u00f3rym gospodarze powitali tego dnia organizator\u00f3w. By\u0142y chwile pe\u0142ne zaskocze\u0144 \u2013 gdy wywo\u0142ywali\u015bmy na scen\u0119 po raz kolejny dziecko, kt\u00f3re ju\u017c zdoby\u0142o miejsce na podium a proszone by\u0142o na scen\u0119 raz jeszcze tym razem po odbi\u00f3r wyr\u00f3\u017cnienia! By\u0142y westchnienia zachwyt\u00f3w, przeci\u0105g\u0142e \u201eOOOO\u201d widowni gdy na scenie pojawia\u0142y si\u0119 maluchy i d\u0142ugie brawa za wspania\u0142e wyst\u0119py starszych uczestnik\u00f3w.<br \/>\nDzi\u0119kujemy pi\u0119knie za wszystkie emocje! By\u0142o s\u0142odko, weso\u0142o i troch\u0119 sentymentalnie jak na jubileusz przysta\u0142o. Dzieci obieca\u0142y, \u017ce wr\u00f3c\u0105 za rok \u2013 mamy wi\u0119c dla kogo planowa\u0107 Wierszowisko 2022.&nbsp;<\/p>\n<p><em>Dzi\u0119kujemy \u015blicznie wszystkim dzieciom za udzia\u0142 w Wierszowisku, rodzicom i nauczycielom szk\u00f3\u0142 za pomoc w przygotowaniu dzieci do wyst\u0119p\u00f3w.<br \/>\nDzi\u0119kujemy Polskiej Szkole w Tilburgu, wolontariuszom i wszystkim osobom, kt\u00f3re pomog\u0142y przy organizacji Wierszowiska 2021.<\/em><\/p>\n<p>Dzi\u0119kujemy sponsorom \u2013 tym, kt\u00f3rzy przekazali nam fundusze na organizacj\u0119 wydarzenia, ale tak\u017ce tym kt\u00f3rzy podarowali nam sw\u00f3j czas piek\u0105c torty, robi\u0105c zdj\u0119cia, projektuj\u0105c grafiki, przygotowuj\u0105c dekoracje.<br \/>\nDzi\u0119kujemy jurorom za ich prac\u0119, obecno\u015b\u0107 na Wierszowisku.<\/p>\n<p>Dzi\u0119kujemy go\u015bciom specjalnym, mediom polonijnym, patronom Wierszowiska.<\/p>\n<p>Fina\u0142 Wierszowiska 2021 odby\u0142 si\u0119 w Tilburgu 13 czerwca 2021 roku.<\/p>\n<p>Zapraszamy ju\u017c teraz na XXI edycj\u0119 festiwalu 5 czerwca 2022 roku w teatrze w Wijchen.<\/p>\n","protected":false},"excerpt":{"rendered":"<p>XX Wierszowisko w zwi\u0105zku z pandemi\u0105 odby\u0142o si\u0119 w roku 2021.<\/p>\n<p>XX Wierszowisko za nami. By\u0142o inaczej ni\u017c zwykle. To na pewno. Niezupe\u0142nie tak jak planowali\u015bmy jubileuszowy konkurs, ale zmiana wymuszona pandemi\u0105 przynios\u0142a te\u017c nieoczekiwane korzy\u015bci. Planowane na rok 2020 zosta\u0142o odwo\u0142ane niespe\u0142na 2 tygodnie przed wydarzeniem. W 2021 uda\u0142o si\u0119 zorganizowa\u0107 konkurs w dostosowanej [&#8230;]<\/p>\n","protected":false},"author":1,"featured_media":0,"parent":0,"menu_order":0,"comment_status":"closed","ping_status":"closed","template":"","meta":{"ngg_post_thumbnail":0,"spay_email":""},"_links":{"self":[{"href":"https:\/\/www.wierszowisko.com\/index.php?rest_route=\/wp\/v2\/pages\/3945"}],"collection":[{"href":"https:\/\/www.wierszowisko.com\/index.php?rest_route=\/wp\/v2\/pages"}],"about":[{"href":"https:\/\/www.wierszowisko.com\/index.php?rest_route=\/wp\/v2\/types\/page"}],"author":[{"embeddable":true,"href":"https:\/\/www.wierszowisko.com\/index.php?rest_route=\/wp\/v2\/users\/1"}],"replies":[{"embeddable":true,"href":"https:\/\/www.wierszowisko.com\/index.php?rest_route=%2Fwp%2Fv2%2Fcomments&post=3945"}],"version-history":[{"count":3,"href":"https:\/\/www.wierszowisko.com\/index.php?rest_route=\/wp\/v2\/pages\/3945\/revisions"}],"predecessor-version":[{"id":4088,"href":"https:\/\/www.wierszowisko.com\/index.php?rest_route=\/wp\/v2\/pages\/3945\/revisions\/4088"}],"wp:attachment":[{"href":"https:\/\/www.wierszowisko.com\/index.php?rest_route=%2Fwp%2Fv2%2Fmedia&parent=3945"}],"curies":[{"name":"wp","href":"https:\/\/api.w.org\/{rel}","templated":true}]}}