{"id":3753,"date":"2020-02-24T15:54:04","date_gmt":"2020-02-24T15:54:04","guid":{"rendered":"https:\/\/www.wierszowisko.com\/?page_id=3753"},"modified":"2020-02-24T16:09:51","modified_gmt":"2020-02-24T16:09:51","slug":"program-dnia","status":"publish","type":"page","link":"https:\/\/www.wierszowisko.com\/?page_id=3753","title":{"rendered":"Program Dnia"},"content":{"rendered":"<p>Program dnia ju\u017c wkr\u00f3tce b\u0119dzie na stronie.<\/p>\n<p>Kontakt:&nbsp; <a href=\"mailto:info@wierszowisko.com\">info@wierszowisko.com<\/a><\/p>\n<p>Darczy\u0144cy, sponsorzy i patronaty: <a href=\"mailto:reklama@wierszowisko.com\">reklama@wierszowisko.com<\/a><\/p>\n<p>&nbsp;<\/p>\n<p><strong>Adres Teatru w&nbsp;Wijchen<\/strong><\/p>\n<p>Theater &#8216;t Moza\u00efek<\/p>\n<p>Campuslaan 6<\/p>\n<p>6602 HX Wijchen<\/p>\n<p><a href=\"http:\/\/www.mozaiekwijchen.nl\/\" target=\"_blank\" rel=\"noopener noreferrer\">www.mozaiekwijchen.nl<\/a><\/p>\n","protected":false},"excerpt":{"rendered":"<p>Program dnia ju\u017c wkr\u00f3tce b\u0119dzie na stronie.<\/p>\n<p>Kontakt:&nbsp; info@wierszowisko.com<\/p>\n<p>Darczy\u0144cy, sponsorzy i patronaty: reklama@wierszowisko.com<\/p>\n<p>&nbsp;<\/p>\n<p>Adres Teatru w&nbsp;Wijchen<\/p>\n<p>Theater &#8216;t Moza\u00efek<\/p>\n<p>Campuslaan 6<\/p>\n<p>6602 HX Wijchen<\/p>\n<p>www.mozaiekwijchen.nl<\/p>\n","protected":false},"author":1,"featured_media":0,"parent":0,"menu_order":0,"comment_status":"closed","ping_status":"closed","template":"","meta":{"ngg_post_thumbnail":0,"spay_email":""},"_links":{"self":[{"href":"https:\/\/www.wierszowisko.com\/index.php?rest_route=\/wp\/v2\/pages\/3753"}],"collection":[{"href":"https:\/\/www.wierszowisko.com\/index.php?rest_route=\/wp\/v2\/pages"}],"about":[{"href":"https:\/\/www.wierszowisko.com\/index.php?rest_route=\/wp\/v2\/types\/page"}],"author":[{"embeddable":true,"href":"https:\/\/www.wierszowisko.com\/index.php?rest_route=\/wp\/v2\/users\/1"}],"replies":[{"embeddable":true,"href":"https:\/\/www.wierszowisko.com\/index.php?rest_route=%2Fwp%2Fv2%2Fcomments&post=3753"}],"version-history":[{"count":3,"href":"https:\/\/www.wierszowisko.com\/index.php?rest_route=\/wp\/v2\/pages\/3753\/revisions"}],"predecessor-version":[{"id":3772,"href":"https:\/\/www.wierszowisko.com\/index.php?rest_route=\/wp\/v2\/pages\/3753\/revisions\/3772"}],"wp:attachment":[{"href":"https:\/\/www.wierszowisko.com\/index.php?rest_route=%2Fwp%2Fv2%2Fmedia&parent=3753"}],"curies":[{"name":"wp","href":"https:\/\/api.w.org\/{rel}","templated":true}]}}