{"id":3619,"date":"2020-01-04T22:50:15","date_gmt":"2020-01-04T22:50:15","guid":{"rendered":"http:\/\/www.wierszowisko.com\/?page_id=3619"},"modified":"2020-01-04T23:47:24","modified_gmt":"2020-01-04T23:47:24","slug":"galeria-2018","status":"publish","type":"page","link":"https:\/\/www.wierszowisko.com\/?page_id=3619","title":{"rendered":"Galeria 2018"},"content":{"rendered":"<p><strong>Zdj\u0119cia<\/strong><\/p>\n<p><a href=\"https:\/\/www.facebook.com\/pg\/wierszowisko.festiwal\/photos\/?tab=album&amp;album_id=1890031854372359\" target=\"_blank\" rel=\"noopener noreferrer\">link<\/a> do zdj\u0119\u0107 fotograf\u00f3w: Daniela Kempisteo, Andrzeja Trusia oraz&nbsp;Gosi Lubbers-D\u0105browskiej&nbsp;<\/p>\n<p><a href=\"https:\/\/www.facebook.com\/pg\/andrzejtrusphotography\/photos\/?tab=album&amp;album_id=1821806338123610&amp;ref=page_internal\" target=\"_blank\" rel=\"noopener noreferrer\">link<\/a>&nbsp;do zdj\u0119\u0107 z wyst\u0119p\u00f3w indywidualnych Andrzeja Trusia&nbsp;<\/p>\n<p><a href=\"https:\/\/www.facebook.com\/pg\/andrzejtrusphotography\/photos\/?tab=album&amp;album_id=1821782871459290&amp;__xts__%5B0%5D=68.ARCrk2nllimB32eZQRDapcKa2bldPmnfNX9fxIgm0xzEiAKNcB9FYH47dVjzgw9mnSTsdH4JAncQL5FtZesSoNg6ZnI6nFn-2CYR75JQs7pWSOxWBIJW-ScBS_A365w2ixAz7MWSCu4KTqSwr0Vmjrpbj47GmpUue2WPEpJS-UlI43rLeK1HTxuZdp5-3kOK3QSpI3obOPFv6K1q8wAsGzElv6NoWCIadFz482fAbzVXBgrfuT6XXL3_QLk6IL0phqb8ympvX-W8bDQpaQzIar65JrGZDF41wwb_baT_r_bgmKu-rECe05_OnbRX0oVGWnnJSVJV2wpo748GsEhVLc3LuDGZXQHvVGrNuYyrGqzu43j1UJu8NCxK7_-bvH4zUJFO4OVqLuS0Ry_hQm0JqMY0vu_-DMGEE459oyKUrMUiVu5VBzo8-jAPxMHH11wulLIm7qWIrQXqhJXcn3XoBB8&amp;__tn__=-UCH-R\" target=\"_blank\" rel=\"noopener noreferrer\">link<\/a>&nbsp;do zdj\u0119\u0107 z wyst\u0119p\u00f3w grupowych Andrzeja Trusia&nbsp;<\/p>\n<p>&nbsp;<\/p>\n<p><strong>Filmy<\/strong><\/p>\n<p>&nbsp;<\/p>\n","protected":false},"excerpt":{"rendered":"<p>Zdj\u0119cia<\/p>\n<p>link do zdj\u0119\u0107 fotograf\u00f3w: Daniela Kempisteo, Andrzeja Trusia oraz&nbsp;Gosi Lubbers-D\u0105browskiej&nbsp;<\/p>\n<p>link&nbsp;do zdj\u0119\u0107 z wyst\u0119p\u00f3w indywidualnych Andrzeja Trusia&nbsp;<\/p>\n<p>link&nbsp;do zdj\u0119\u0107 z wyst\u0119p\u00f3w grupowych Andrzeja Trusia&nbsp;<\/p>\n<p>&nbsp;<\/p>\n<p>Filmy<\/p>\n<p>&nbsp;<\/p>\n","protected":false},"author":1,"featured_media":0,"parent":0,"menu_order":0,"comment_status":"closed","ping_status":"closed","template":"","meta":{"ngg_post_thumbnail":0,"spay_email":""},"_links":{"self":[{"href":"https:\/\/www.wierszowisko.com\/index.php?rest_route=\/wp\/v2\/pages\/3619"}],"collection":[{"href":"https:\/\/www.wierszowisko.com\/index.php?rest_route=\/wp\/v2\/pages"}],"about":[{"href":"https:\/\/www.wierszowisko.com\/index.php?rest_route=\/wp\/v2\/types\/page"}],"author":[{"embeddable":true,"href":"https:\/\/www.wierszowisko.com\/index.php?rest_route=\/wp\/v2\/users\/1"}],"replies":[{"embeddable":true,"href":"https:\/\/www.wierszowisko.com\/index.php?rest_route=%2Fwp%2Fv2%2Fcomments&post=3619"}],"version-history":[{"count":5,"href":"https:\/\/www.wierszowisko.com\/index.php?rest_route=\/wp\/v2\/pages\/3619\/revisions"}],"predecessor-version":[{"id":3647,"href":"https:\/\/www.wierszowisko.com\/index.php?rest_route=\/wp\/v2\/pages\/3619\/revisions\/3647"}],"wp:attachment":[{"href":"https:\/\/www.wierszowisko.com\/index.php?rest_route=%2Fwp%2Fv2%2Fmedia&parent=3619"}],"curies":[{"name":"wp","href":"https:\/\/api.w.org\/{rel}","templated":true}]}}

<p><strong>Zdjęcia</strong></p>
<p><a href="https://www.facebook.com/pg/wierszowisko.festiwal/photos/?tab=album&amp;album_id=1890031854372359" target="_blank" rel="noopener noreferrer">link</a> do zdjęć fotografów: Daniela Kempisteo, Andrzeja Trusia oraz&nbsp;Gosi Lubbers-Dąbrowskiej&nbsp;</p>
<p><a href="https://www.facebook.com/pg/andrzejtrusphotography/photos/?tab=album&amp;album_id=1821806338123610&amp;ref=page_internal" target="_blank" rel="noopener noreferrer">link</a>&nbsp;do zdjęć z występów indywidualnych Andrzeja Trusia&nbsp;</p>
<p><a href="https://www.facebook.com/pg/andrzejtrusphotography/photos/?tab=album&amp;album_id=1821782871459290&amp;__xts__%5B0%5D=68.ARCrk2nllimB32eZQRDapcKa2bldPmnfNX9fxIgm0xzEiAKNcB9FYH47dVjzgw9mnSTsdH4JAncQL5FtZesSoNg6ZnI6nFn-2CYR75JQs7pWSOxWBIJW-ScBS_A365w2ixAz7MWSCu4KTqSwr0Vmjrpbj47GmpUue2WPEpJS-UlI43rLeK1HTxuZdp5-3kOK3QSpI3obOPFv6K1q8wAsGzElv6NoWCIadFz482fAbzVXBgrfuT6XXL3_QLk6IL0phqb8ympvX-W8bDQpaQzIar65JrGZDF41wwb_baT_r_bgmKu-rECe05_OnbRX0oVGWnnJSVJV2wpo748GsEhVLc3LuDGZXQHvVGrNuYyrGqzu43j1UJu8NCxK7_-bvH4zUJFO4OVqLuS0Ry_hQm0JqMY0vu_-DMGEE459oyKUrMUiVu5VBzo8-jAPxMHH11wulLIm7qWIrQXqhJXcn3XoBB8&amp;__tn__=-UCH-R" target="_blank" rel="noopener noreferrer">link</a>&nbsp;do zdjęć z występów grupowych Andrzeja Trusia&nbsp;</p>
<p>&nbsp;</p>
<p><strong>Filmy</strong></p>
<p>&nbsp;</p>

<p>Zdjęcia</p>
<p>link do zdjęć fotografów: Daniela Kempisteo, Andrzeja Trusia oraz&nbsp;Gosi Lubbers-Dąbrowskiej&nbsp;</p>
<p>link&nbsp;do zdjęć z występów indywidualnych Andrzeja Trusia&nbsp;</p>
<p>link&nbsp;do zdjęć z występów grupowych Andrzeja Trusia&nbsp;</p>
<p>&nbsp;</p>
<p>Filmy</p>
<p>&nbsp;</p>
