{"id":2921,"date":"2017-02-23T23:47:40","date_gmt":"2017-02-23T23:47:40","guid":{"rendered":"http:\/\/www.wierszowisko.com\/?page_id=2921"},"modified":"2019-03-14T12:40:39","modified_gmt":"2019-03-14T12:40:39","slug":"wyniki","status":"publish","type":"page","link":"https:\/\/www.wierszowisko.com\/?page_id=2921","title":{"rendered":"Wyniki Wierszowiska 2017"},"content":{"rendered":"<div>Wierszowisko 2017 ju\u017c za nami! Dzie\u0144 pe\u0142en emocji, wzrusze\u0144, wspania\u0142ych prze\u017cy\u0107. Poziom wyst\u0119p\u00f3w by\u0142 bardzo wysoki, a uczestnicy wspaniali. Ogromne gratulacje dla wszystkich wyst\u0119puj\u0105cych, dla ich rodzic\u00f3w, nauczycieli i os\u00f3b przygotowuj\u0105cych wyst\u0119py.&nbsp;<\/div>\n<div>&nbsp;<\/div>\n<div>Wierszowisko 2017 wyniki:<\/div>\n<div>&nbsp;<\/div>\n<div><strong>kategoria 4-6 lat<\/strong><\/div>\n<div>1 miejsce <strong>Rozalia Bednarek<\/strong>, &#8220;Kaczka dziwczka&#8221;, Jan Brzechwa, PS Lokomotywa Amsterdam<\/div>\n<div>2 miejsce <strong>Oliwer Weijers<\/strong>, &#8220;Stefek Burczymucha&#8221; Maria Konopnicka, PS Nijmegen<\/div>\n<div>2 miejsce <strong>Patricia Wolny<\/strong>, &#8220;Samochwa\u0142a&#8221; Jan Brzechwa, PS Haga<\/div>\n<div>3 miejsce <strong>Nathan Tru\u015b<\/strong>, &#8220;Kwadratowa krowa&#8221; Agnieszka Fr\u0105czek, PS Tilburg<\/div>\n<div>&nbsp;<\/div>\n<div>wyr\u00f3\u017cnienie jury: <strong>Vanessa Madej<\/strong>, &#8220;Dino\u017car\u0142&#8221; Agnieszka Fr\u0105czek, PS Breda<\/div>\n<div>wyr\u00f3\u017cnienie Levende Talen: <strong>Raidon Hakim<\/strong>, &#8220;Zwierzyniec&#8221; Zbigniew Miszczek, &nbsp;PS Schiedam<\/div>\n<div>wyr\u00f3\u017cnienie dla najm\u0142odszego uczestnika: <strong>Twan Herijgers,<\/strong> &#8220;Gucio&#8221;, PS Breda<\/div>\n<div>&nbsp;<\/div>\n<div>&nbsp;<\/div>\n<div><strong>kategoria 7-9 lat<\/strong><\/div>\n<div>1 miejsce <strong>Oliwia Obadowska<\/strong>, &#8220;Piecze\u0144 cziczi-czara-czocza&#8221; \u0141ukasz D\u0119bski, PS Osstoja<\/div>\n<div>2 miejsce <strong>Kevin Zwoinski<\/strong>, &#8220;Grzybol\u0105gi&#8221; Joanna Papuzi\u0144ska, PS Osstoja<\/div>\n<div>3 miejsce <strong>Bart\u0142omiej Bru\u015b<\/strong>, &#8220;Jajka z wy\u017cszej sfery&#8221; Agnieszka Fr\u0105czek, PS Tilburg<\/div>\n<div>&nbsp;<\/div>\n<div>wyr\u00f3\u017cnienia <strong>Ameke Fennema<\/strong>, &#8220;Zabawa duch\u00f3w&#8221;&nbsp;Ludwik Jerzy Kern, PS Lokomotywa Amsterdam<\/div>\n<div>wyr\u00f3\u017cnienie <strong>Oskar van der Haagen<\/strong>, \u201c\u017baba\u201d Jan Brzechwa, PS Lokomotywa Amsterdam<\/div>\n<div>wyr\u00f3\u017cnienie Levende Talen <strong>Maksymilian Kaczmarczyk<\/strong>, \u201cCzapla, ryby, rak\u201d Ignacy Krasicki, PS Dordrecht<\/div>\n<div>&nbsp;<\/div>\n<div><strong>kategoria 10-13 lat<\/strong><\/div>\n<div>1 miejsce <strong>Barbara Walorska<\/strong>, &#8220;Orzeszek&#8221; Igor Sikirycki, PS Osstoja<\/div>\n<div>1 miejsce <strong>Klaudia Przybylska<\/strong>, &#8220;Kura w biurze&#8221; \u0141ukasz D\u0119bski, PS Tilburg<\/div>\n<div>2 miejsce <strong>Ernest Bragt<\/strong>, &#8220;W aeroplanie&#8221; Julian Tuwim, PS Osstoja<\/div>\n<div>3 miejsce <strong>Klara Cyrys<\/strong>, &#8220;Ballada o trz\u0119s\u0105cych si\u0119 portkach&#8221; Konstanty Ildefons Ga\u0142czy\u0144ski, PS Osstoja<\/div>\n<div>wyr\u00f3\u017cenienie Levende Talen <strong>Tom Altenburg<\/strong>, &#8220;Pan Tygrys&#8221; Ludwik Jerzy Kern, PS Lokomotywa Amsterdam<\/div>\n<div>wyr\u00f3\u017cnienie UvA <strong>Barbara Walorska, <\/strong>PS Osstoja<strong><br \/>\n<\/strong><\/div>\n<div>&nbsp;<\/div>\n<div><strong>wyst\u0119p grupowy<\/strong><\/div>\n<div>1 miejsce Polska Szko\u0142a w Osstoja z Oss za przedstawienie &#8220;Brzechwa na rowerze&#8221;<\/div>\n<div>2 miejsce Polska Szko\u0142a Tilburg za przedstawienie &#8220;Bajkowy Ambaras&#8221;<\/div>\n<div>3 miejsce Polska Szko\u0142a w Schiedam &#8220;Pretensje (jednoakt\u00f3wka w poczekalni)<\/div>\n<div>&nbsp;<\/div>\n<div>Puchar Konsula trafi\u0142 do Polskiej Szko\u0142y Osstoja<\/div>\n<div>&nbsp;<\/div>\n<div><img loading=\"lazy\" class=\"alignleft wp-image-3012\" src=\"https:\/\/i0.wp.com\/www.wierszowisko.com\/wp-content\/uploads\/20170402_171034.jpg?resize=616%2C463\" alt=\"\" width=\"616\" height=\"463\" srcset=\"https:\/\/i0.wp.com\/www.wierszowisko.com\/wp-content\/uploads\/20170402_171034.jpg?w=1210&amp;ssl=1 1210w, https:\/\/i0.wp.com\/www.wierszowisko.com\/wp-content\/uploads\/20170402_171034.jpg?resize=300%2C225&amp;ssl=1 300w, https:\/\/i0.wp.com\/www.wierszowisko.com\/wp-content\/uploads\/20170402_171034.jpg?resize=768%2C576&amp;ssl=1 768w, https:\/\/i0.wp.com\/www.wierszowisko.com\/wp-content\/uploads\/20170402_171034.jpg?resize=1024%2C768&amp;ssl=1 1024w, https:\/\/i0.wp.com\/www.wierszowisko.com\/wp-content\/uploads\/20170402_171034.jpg?resize=150%2C113&amp;ssl=1 150w, https:\/\/i0.wp.com\/www.wierszowisko.com\/wp-content\/uploads\/20170402_171034.jpg?resize=400%2C300&amp;ssl=1 400w\" sizes=\"(max-width: 616px) 100vw, 616px\" data-recalc-dims=\"1\" \/><\/div>\n<div>foto&nbsp;Gosia Lubbers<\/div>\n","protected":false},"excerpt":{"rendered":"<p>Wierszowisko 2017 ju\u017c za nami! Dzie\u0144 pe\u0142en emocji, wzrusze\u0144, wspania\u0142ych prze\u017cy\u0107. Poziom wyst\u0119p\u00f3w by\u0142 bardzo wysoki, a uczestnicy wspaniali. Ogromne gratulacje dla wszystkich wyst\u0119puj\u0105cych, dla ich rodzic\u00f3w, nauczycieli i os\u00f3b przygotowuj\u0105cych wyst\u0119py.&nbsp; &nbsp; Wierszowisko 2017 wyniki: &nbsp; kategoria 4-6 lat 1 miejsce Rozalia Bednarek, &#8220;Kaczka dziwczka&#8221;, Jan Brzechwa, PS Lokomotywa Amsterdam 2 miejsce Oliwer Weijers, [&#8230;]<\/p>\n","protected":false},"author":3,"featured_media":0,"parent":0,"menu_order":0,"comment_status":"closed","ping_status":"closed","template":"","meta":{"ngg_post_thumbnail":0,"spay_email":""},"_links":{"self":[{"href":"https:\/\/www.wierszowisko.com\/index.php?rest_route=\/wp\/v2\/pages\/2921"}],"collection":[{"href":"https:\/\/www.wierszowisko.com\/index.php?rest_route=\/wp\/v2\/pages"}],"about":[{"href":"https:\/\/www.wierszowisko.com\/index.php?rest_route=\/wp\/v2\/types\/page"}],"author":[{"embeddable":true,"href":"https:\/\/www.wierszowisko.com\/index.php?rest_route=\/wp\/v2\/users\/3"}],"replies":[{"embeddable":true,"href":"https:\/\/www.wierszowisko.com\/index.php?rest_route=%2Fwp%2Fv2%2Fcomments&post=2921"}],"version-history":[{"count":7,"href":"https:\/\/www.wierszowisko.com\/index.php?rest_route=\/wp\/v2\/pages\/2921\/revisions"}],"predecessor-version":[{"id":3499,"href":"https:\/\/www.wierszowisko.com\/index.php?rest_route=\/wp\/v2\/pages\/2921\/revisions\/3499"}],"wp:attachment":[{"href":"https:\/\/www.wierszowisko.com\/index.php?rest_route=%2Fwp%2Fv2%2Fmedia&parent=2921"}],"curies":[{"name":"wp","href":"https:\/\/api.w.org\/{rel}","templated":true}]}}