{"id":2503,"date":"2015-09-21T16:43:14","date_gmt":"2015-09-21T16:43:14","guid":{"rendered":"http:\/\/www.wierszowisko.com\/?page_id=2503"},"modified":"2017-02-23T21:44:50","modified_gmt":"2017-02-23T21:44:50","slug":"wierszowisko-2016","status":"publish","type":"page","link":"https:\/\/www.wierszowisko.com\/?page_id=2503","title":{"rendered":"Wierszowisko 2016"},"content":{"rendered":"<p><img loading=\"lazy\" class=\"alignnone wp-image-2704\" src=\"https:\/\/i0.wp.com\/www.wierszowisko.com\/wp-content\/uploads\/plakat-z-patronami-1-213x300.jpg?resize=231%2C325\" alt=\"plakat z patronami\" width=\"231\" height=\"325\" srcset=\"https:\/\/i0.wp.com\/www.wierszowisko.com\/wp-content\/uploads\/plakat-z-patronami-1.jpg?resize=213%2C300&amp;ssl=1 213w, https:\/\/i0.wp.com\/www.wierszowisko.com\/wp-content\/uploads\/plakat-z-patronami-1.jpg?resize=107%2C150&amp;ssl=1 107w, https:\/\/i0.wp.com\/www.wierszowisko.com\/wp-content\/uploads\/plakat-z-patronami-1.jpg?resize=400%2C563&amp;ssl=1 400w, https:\/\/i0.wp.com\/www.wierszowisko.com\/wp-content\/uploads\/plakat-z-patronami-1.jpg?w=710&amp;ssl=1 710w\" sizes=\"(max-width: 231px) 100vw, 231px\" data-recalc-dims=\"1\" \/>&nbsp;<a href=\"http:\/\/www.fpsn.nl\/pl\/wierszowisko-2016\">wi\u0119cej o Wierszowisku 2016<\/a><\/p>\n<p><strong>13 marca 2016 theatr &#8216;t Mozaiek, Campuslaan 6, Wijchen<\/strong><\/p>\n<p>&nbsp;<\/p>\n<p><strong><u>Program dnia:<\/u><\/strong><\/p>\n<p>11.00 Otwarcie wystawy prac plastycznych w foyer teatru<\/p>\n<p>11.30 Uroczyste rozpocz\u0119cie XVI Wierszowiska<\/p>\n<p>11.45 Wyst\u0119py indywidualne<\/p>\n<p>14.00 Wr\u0119czenie nagr\u00f3d w konkursie plastycznym<\/p>\n<p>14.30 Wyst\u0119py grupowe szk\u00f3\u0142<\/p>\n<p>16.00 Rozstrzygni\u0119cie Quizu Wierszowiska oraz Loterii Fantowej<\/p>\n<p>16.30 Og\u0142oszenie wynik\u00f3w Wierszowiska<\/p>\n<p>17.00 Zako\u0144czenie Festiwalu<\/p>\n<p>&nbsp;<\/p>\n<p><strong><u>Prezentatorzy programu:<\/u><\/strong><\/p>\n<p>Magdalena Kaloci\u0144ska-Duijnhouwer<\/p>\n<p>David Kiszkiel<\/p>\n","protected":false},"excerpt":{"rendered":"<p>&nbsp;wi\u0119cej o Wierszowisku 2016<\/p>\n<p>13 marca 2016 theatr &#8216;t Mozaiek, Campuslaan 6, Wijchen<\/p>\n<p>&nbsp;<\/p>\n<p>Program dnia:<\/p>\n<p>11.00 Otwarcie wystawy prac plastycznych w foyer teatru<\/p>\n<p>11.30 Uroczyste rozpocz\u0119cie XVI Wierszowiska<\/p>\n<p>11.45 Wyst\u0119py indywidualne<\/p>\n<p>14.00 Wr\u0119czenie nagr\u00f3d w konkursie plastycznym<\/p>\n<p>14.30 Wyst\u0119py grupowe szk\u00f3\u0142<\/p>\n<p>16.00 Rozstrzygni\u0119cie Quizu Wierszowiska oraz Loterii Fantowej<\/p>\n<p>16.30 Og\u0142oszenie wynik\u00f3w Wierszowiska<\/p>\n<p>17.00 Zako\u0144czenie [&#8230;]<\/p>\n","protected":false},"author":1,"featured_media":0,"parent":107,"menu_order":0,"comment_status":"closed","ping_status":"open","template":"","meta":{"ngg_post_thumbnail":0,"spay_email":""},"_links":{"self":[{"href":"https:\/\/www.wierszowisko.com\/index.php?rest_route=\/wp\/v2\/pages\/2503"}],"collection":[{"href":"https:\/\/www.wierszowisko.com\/index.php?rest_route=\/wp\/v2\/pages"}],"about":[{"href":"https:\/\/www.wierszowisko.com\/index.php?rest_route=\/wp\/v2\/types\/page"}],"author":[{"embeddable":true,"href":"https:\/\/www.wierszowisko.com\/index.php?rest_route=\/wp\/v2\/users\/1"}],"replies":[{"embeddable":true,"href":"https:\/\/www.wierszowisko.com\/index.php?rest_route=%2Fwp%2Fv2%2Fcomments&post=2503"}],"version-history":[{"count":12,"href":"https:\/\/www.wierszowisko.com\/index.php?rest_route=\/wp\/v2\/pages\/2503\/revisions"}],"predecessor-version":[{"id":2867,"href":"https:\/\/www.wierszowisko.com\/index.php?rest_route=\/wp\/v2\/pages\/2503\/revisions\/2867"}],"up":[{"embeddable":true,"href":"https:\/\/www.wierszowisko.com\/index.php?rest_route=\/wp\/v2\/pages\/107"}],"wp:attachment":[{"href":"https:\/\/www.wierszowisko.com\/index.php?rest_route=%2Fwp%2Fv2%2Fmedia&parent=2503"}],"curies":[{"name":"wp","href":"https:\/\/api.w.org\/{rel}","templated":true}]}}

<p><img loading="lazy" class="alignnone wp-image-2704" src="https://i0.wp.com/www.wierszowisko.com/wp-content/uploads/plakat-z-patronami-1-213x300.jpg?resize=231%2C325" alt="plakat z patronami" width="231" height="325" srcset="https://i0.wp.com/www.wierszowisko.com/wp-content/uploads/plakat-z-patronami-1.jpg?resize=213%2C300&amp;ssl=1 213w, https://i0.wp.com/www.wierszowisko.com/wp-content/uploads/plakat-z-patronami-1.jpg?resize=107%2C150&amp;ssl=1 107w, https://i0.wp.com/www.wierszowisko.com/wp-content/uploads/plakat-z-patronami-1.jpg?resize=400%2C563&amp;ssl=1 400w, https://i0.wp.com/www.wierszowisko.com/wp-content/uploads/plakat-z-patronami-1.jpg?w=710&amp;ssl=1 710w" sizes="(max-width: 231px) 100vw, 231px" data-recalc-dims="1" />&nbsp;<a href="http://www.fpsn.nl/pl/wierszowisko-2016">więcej o Wierszowisku 2016</a></p>
<p><strong>13 marca 2016 theatr &#8216;t Mozaiek, Campuslaan 6, Wijchen</strong></p>
<p>&nbsp;</p>
<p><strong><u>Program dnia:</u></strong></p>
<p>11.00 Otwarcie wystawy prac plastycznych w foyer teatru</p>
<p>11.30 Uroczyste rozpoczęcie XVI Wierszowiska</p>
<p>11.45 Występy indywidualne</p>
<p>14.00 Wręczenie nagród w konkursie plastycznym</p>
<p>14.30 Występy grupowe szkół</p>
<p>16.00 Rozstrzygnięcie Quizu Wierszowiska oraz Loterii Fantowej</p>
<p>16.30 Ogłoszenie wyników Wierszowiska</p>
<p>17.00 Zakończenie Festiwalu</p>
<p>&nbsp;</p>
<p><strong><u>Prezentatorzy programu:</u></strong></p>
<p>Magdalena Kalocińska-Duijnhouwer</p>
<p>David Kiszkiel</p>

<p>&nbsp;więcej o Wierszowisku 2016</p>
<p>13 marca 2016 theatr &#8216;t Mozaiek, Campuslaan 6, Wijchen</p>
<p>&nbsp;</p>
<p>Program dnia:</p>
<p>11.00 Otwarcie wystawy prac plastycznych w foyer teatru</p>
<p>11.30 Uroczyste rozpoczęcie XVI Wierszowiska</p>
<p>11.45 Występy indywidualne</p>
<p>14.00 Wręczenie nagród w konkursie plastycznym</p>
<p>14.30 Występy grupowe szkół</p>
<p>16.00 Rozstrzygnięcie Quizu Wierszowiska oraz Loterii Fantowej</p>
<p>16.30 Ogłoszenie wyników Wierszowiska</p>
<p>17.00 Zakończenie [&#8230;]</p>
