{"id":215,"date":"2014-03-08T23:10:59","date_gmt":"2014-03-08T23:10:59","guid":{"rendered":"http:\/\/www.wierszowisko.com\/?page_id=215"},"modified":"2015-09-24T16:56:33","modified_gmt":"2015-09-24T16:56:33","slug":"2008-wierszowisko","status":"publish","type":"page","link":"https:\/\/www.wierszowisko.com\/?page_id=215","title":{"rendered":"2008 Wierszowisko"},"content":{"rendered":"<header>\n<h1>2008<\/h1>\n<\/header>\n<p><strong>VIII Festi\u00adwal Pol\u00adskiej Poezji dla Dzieci Wier\u00adszo\u00adwi\u00adsko 2008 : \u201cPojedziemy w\u00a0\u015bwiat daleki, czyli wier\u00adszo\u00adwane podr\u00f3\u017ce\u201d<\/strong><\/p>\n<p><strong><br \/>\n<\/strong><\/p>\n<p><strong>Dla\u00a0wszyst\u00adkich wspa\u00adnia\u00ad\u0142ych dzieciak\u00f3w, uczest\u00adni\u00adk\u00f3w Wier\u00adszo\u00adwi\u00adska\u00a02008.<\/strong><\/p>\n<p>&nbsp;<\/p>\n<p>Sza\u00adnowne aktorki! Sza\u00adnowni aktorzy!<\/p>\n<p>Niech trema na\u00a0sce\u00adnie was dzi\u00adsiaj nie zmorzy,<\/p>\n<p>publicz\u00adno\u015b\u0107 was nie zje, nie u\u015bpi jej\u00a0nuda,<\/p>\n<p>niech b\u0119dzie wspa\u00adniale i\u00a0wszystko si\u0119\u00a0uda!<\/p>\n<p>&nbsp;<\/p>\n<p>Byli\u00ad\u015bmy ju\u017c u\u00a0was i\u00a0dra\u00adpi\u0105c si\u0119 w\u00a0czo\u0142o<\/p>\n<p>nie raz wspo\u00admi\u00adnamy jak by\u0142o weso\u0142o,<\/p>\n<p>te miny, te gesty zabawne szalenie<\/p>\n<p>i\u00a0te deko\u00adra\u00adcje sta\u00adwiane na\u00a0scenie.<\/p>\n<p>&nbsp;<\/p>\n<p>My\u015blimy te\u017c cza\u00adsem (naj\u00adcz\u0119\u00ad\u015bciej we\u00a0wtorki)<\/p>\n<p>\u017ce\u00a0b\u0119d\u0105 z\u00a0was kiedy\u015b\u00a0wspania\u0142e\u00a0aktorki<\/p>\n<p>i\u00a0wielcy akto\u00adrzy, bo tak si\u0119 zaczyna.<\/p>\n<p>I\u00a0Robert de Niro i\u00a0Janda Krystyna<\/p>\n<p>&nbsp;<\/p>\n<p>jak wy, pierw\u00adsze kroki sta\u00adwiali w\u00a0karierze<\/p>\n<p>rymu\u00adj\u0105c wier\u00adszyki. <strong>Wi\u0119c powiem wam szcze\u00adrze<\/strong><\/p>\n<p><strong>ze\u00a0ka\u017cdy wasz wyst\u0119p to\u00a0wyst\u0119p zwy\u00adci\u0119\u00adski<\/strong>!<\/p>\n<p>Trzy\u00admaj\u00adcie\u00a0si\u0119!<\/p>\n<p>Ania\u00a0i Pan \u0141ukasz D\u0119bski.<\/p>\n<p>9 lat temu, Dorota Hul\u00adsen\u00adboom z\u00a0Til\u00adburga, mia\u0142a genialny pomys\u0142 \u2014 Wier\u00adszo\u00adwi\u00adsko. Pierw\u00adszy festi\u00adwal uda\u0142o nam si\u0119 zor\u00adga\u00adni\u00adzo\u00adwa\u0107 razem, potem zaj\u0119\u00ad\u0142am si\u0119 tym sama.\u00a0W naj\u00ad\u015bmiel\u00adszych marze\u00adniach nie zdo\u00ad\u0142a\u00ad\u0142am prze\u00adwi\u00addzie\u0107, ze\u00a0b\u0119dzie a\u017c \u00f3sm\u0105 edy\u00adcja tego spo\u00adtka\u00adnia! A\u00a0jednak\u2026\u00a016 marca w\u00a0go\u015bcin\u00adnych pro\u00adgach Mal\u00adden\u00adstijn spo\u00adtka\u00adli\u00ad\u015bmy si\u0119 zn\u00f3w, aby wys\u0142u\u00adcha\u0107 naszych uczni\u00f3w, recy\u00adtu\u00adj\u0105\u00adcych wier\u00adsze pol\u00adskich poet\u00f3w.\u00a0Po raz kolejny, nie mog\u0142am by\u0107 bar\u00addziej dumna z\u00a0tych dzie\u00adcia\u00adk\u00f3w s\u0142u\u00adcha\u00adj\u0105c tego trud\u00adnego, sze\u00adlesz\u00adcz\u0105\u00adcego, zgrzy\u00adta\u00adj\u0105\u00adcego j\u0119zyka, zamkni\u0119\u00adtego w\u00a0pi\u0119k\u00adnych rymach naj\u00adlep\u00adszych pol\u00adskich poet\u00f3w.\u00a0To, co napi\u00adsa\u0142 \u0141ukasz, ze\u00a0ka\u017cdy wyst\u0119p to\u00a0wyst\u0119p zwy\u00adci\u0119\u00adski, brzmi niby jak bana\u0142 ale\u2026czy\u017c w\u0142a\u00ad\u015bnie nie bana\u0142y sa naszym dniem powszednim?<\/p>\n<p>Ka\u017cde dziecko, kt\u00f3re odwa\u017cy si\u0119 wej\u015b\u0107 na\u00a0ta scen\u0119 i\u00a0powie\u00addzie\u0107 lepiej czy troszk\u0119 z\u00a0trud\u00adno\u00ad\u015bciami, ze\u00a0wspa\u00adnia\u0142\u0105 dyk\u00adcja czy seple\u00adni\u0105c, z\u00a0pi\u0119kn\u0105 sce\u00adno\u00adgra\u00adfia czy tylko z\u00a0gesty\u00adku\u00adla\u00adcja w\u0142a\u00adsnych rak, to\u00a0dla mnie wielki boha\u00adter. I\u00a0dla\u00adtego ka\u017cdy uczest\u00adnik Wier\u00adszo\u00adwi\u00adska wzbu\u00addza we\u00a0mnie ta nie\u00adsa\u00admo\u00adwite wzruszenie.<\/p>\n<p>Wier\u00adszo\u00adwi\u00adsko to\u00a0kon\u00adkurs a\u00a0wiec i\u00a0rywa\u00adli\u00adza\u00adcja. My\u015bl\u0119 tez ze\u00a0jedno z\u00a0bar\u00addziej przy\u00adja\u00adznych przy\u00adja\u00adznych bez\u00adpiecz\u00adnych miejsc, aby wpro\u00adwa\u00addza\u0107 nasze dzieci w\u00a0tzw. praw\u00addziwy \u015bwiat, gdzie zda\u00adrze\u00adniami cza\u00adsami rz\u0105\u00addzi zbieg oko\u00adlicz\u00adno\u00ad\u015bci, przy\u00adpa\u00addek, pech, ludz\u00adkie emo\u00adcje, cza\u00adsami trudne do\u00a0opa\u00adno\u00adwa\u00adnia i\u00a0trudne do\u00a0wyra\u017cenia\u2026.<\/p>\n<p>Nasze dzieci ucz\u0105 si\u0119 jak radzi\u0107 sobie z\u00a0wygrana, jak radzi\u0107 sobie z\u00a0prze\u00adgrana, jak radzi\u0107 sobie z\u00a0zazdro\u00ad\u015bci\u0105 i\u00a0poczu\u00adciem nie\u00adspra\u00adwie\u00addli\u00adwo\u00ad\u015bci. A\u00a0naszym zada\u00adniem, zada\u00adniem rodzi\u00adc\u00f3w, nauczy\u00adcieli, opie\u00adku\u00adn\u00f3w jest pomoc im sobie z\u00a0tymi emo\u00adcjami poradzi\u0107.<\/p>\n<p>Co rok przy\u00adpo\u00admi\u00adnam o\u00a0tym wszyst\u00adkim doro\u00ads\u0142ym, bo z\u00a0tego, co s\u0142y\u00adsza\u00ad\u0142am w\u00a0kulu\u00adarach, z\u00a0tego, co m\u00f3wi\u0142y dzieci zauwa\u00ad\u017cy\u00ad\u0142am, ze\u00a0one potra\u00adfi\u0105 sobie z\u00a0tym radzi\u0107 ca\u0142\u00adkiem nie\u00ad\u017ale!!! Wiec mo\u017ce my doro\u00ad\u015bli, cza\u00adsami powin\u00adni\u00ad\u015bmy bra\u0107 przy\u00adk\u0142ad z\u00a0naszych dzieci?<\/p>\n<p>Od\u00a0lat sta\u00adram si\u0119 prze\u00adko\u00adna\u0107 osoby pra\u00adcu\u00adj\u0105ce ze\u00a0mn\u0105 o\u00a0tym, ze\u00a0jeste\u00ad\u015bmy w\u00a0sta\u00adnie nauczy\u0107 si\u0119 od\u00a0naszych uczni\u00f3w bar\u00addzo wiele. Wystar\u00adczy cza\u00adsami przy\u00adpo\u00admnie\u0107 sobie, co cie\u00adszy\u0142o nas jako dzieci? Ile nam by\u0142o potrzeba do\u00a0tego, \u017ceby\u00a0czu\u0107 si\u0119 z\u00a0cze\u00adgo\u015b dum\u00adnym? Prze\u00adpa\u015b\u0107 poko\u00adle\u00adniowa? By\u0107 mo\u017ce, ale\u00a0oka\u00adzuje si\u0119, ze\u00a0w\u015br\u00f3d tych wszyst\u00adkich bie\u00adga\u00adj\u0105\u00adcych wczo\u00adraj po\u00a0Mal\u00adden\u00adstijn dzie\u00adcia\u00adk\u00f3w chyba nie by\u0142o takiego, kt\u00f3re nie by\u0142oby dumne z\u00a0medalu uczest\u00adnic\u00adtwa w\u00a0Wier\u00adszo\u00adwi\u00adsku. Oka\u00adzuje, ze\u00a0ze cza\u00adsami wystar\u00adczy tak niewiele\u2026A za\u00a0rok, kolejny festi\u00adwal, kolejne szanse, kolejne przy\u00adgo\u00adto\u00adwa\u00adnia, wyst\u0119py, rado\u015b\u0107 i\u00a0duma wygra\u00adnych, smu\u00adtek i\u00a0roz\u00adcza\u00adro\u00adwa\u00adnie tych, kt\u00f3\u00adrym\u00a0nie uda\u0142o si\u0119 zdo\u00adby\u0107 g\u0142\u00f3w\u00adnej nagrody.<\/p>\n<p>To\u00a0czy nadal b\u0119dziemy chcieli uczy\u0107 nasze dzieci w\u00a0taki spo\u00ads\u00f3b, zale\u017cy od\u00a0nas, doro\u00ads\u0142ych. Ja jed\u00adnego jestem pewna: <strong>dzieci bar\u00addzo chc\u0105 wyst\u0119\u00adpo\u00adwa\u0107!!!<\/strong> I\u00a0nikt nie jest w\u00a0sta\u00adnie prze\u00adko\u00adna\u0107 mnie ze\u00a0jest ina\u00adczej. Mam tylko nadzieje, ze\u00a0my doro\u00ad\u015bli, nie zmar\u00adnu\u00adjemy tego entu\u00adzja\u00adzmu i\u00a0za rok, spo\u00adtkamy si\u0119 znowu na\u00a0kolej\u00adnym Wierszowisku!<\/p>\n<p>Na\u00a0razie, pro\u00adsz\u0119 wszyst\u00adkie szko\u0142y o\u00a0poda\u00adnie pro\u00adpo\u00adzy\u00adcji tematu IX Wier\u00adszo\u00adwi\u00adska naj\u00adp\u00f3\u017a\u00adniej do\u00a0Wal\u00adnego Zebra\u00adnia Forum 15 czerwca w\u00a0Tiel. Wtedy b\u0119dziemy mogli prze\u00adg\u0142o\u00adso\u00adwa\u0107, kt\u00f3ry\u00a0temat zosta\u00adnie wybrany i\u00a0ju\u017c zacz\u0105\u0107 przy\u00adgo\u00adto\u00adwa\u00adnia do\u00a0kolej\u00adnego spo\u00adtka\u00adnia w\u00a0Malden.<\/p>\n<p>Bar\u00addzo na\u00a0Was wszyst\u00adkich\u00a0licz\u0119.<\/p>\n<p>I\u00a0jesz\u00adcze raz, k\u0142a\u00adniam si\u0119 nisko dzi\u0119\u00adku\u00adj\u0105c z\u00a0g\u0142\u0119bi serca ka\u017c\u00addemu rodzi\u00adcowi, ka\u017c\u00addemu nauczy\u00adcie\u00adlowi, opie\u00adku\u00adnowi za\u00a0ogromny wk\u0142ad pracy w\u00a0przy\u00adgo\u00adto\u00adwa\u00adnie dzieci do\u00a0wyst\u0119pu. Two\u00adrzymy razem cos bar\u00addzo wa\u017c\u00adnego. I\u00a0mam wielka nadzieje, ze\u00a0uda nam si\u0119 kon\u00adty\u00adnu\u00adowa\u0107 ten pro\u00adces jesz\u00adcze przez jaki\u015b\u00a0czas.<\/p>\n<p>Dzi\u0119\u00adkuj\u0119 wszyst\u00adkim jesz\u00adcze\u00a0raz.<\/p>\n<p>Mam nadzieje, ze\u00a0wyba\u00adczy\u00adcie mi ten osobisto-pouczajacy momen\u00adtami ton, ale\u00a0Wier\u00adszo\u00adwi\u00adsko, to\u00a0dla mnie bar\u00addzo wa\u017cny dzie\u0144 i\u00a0z\u00a0kim je\u015bli nie z\u00a0Wami mia\u00ad\u0142a\u00adbym podzie\u00adli\u0107 si\u0119 moimi wra\u00ad\u017ce\u00adniami dzie\u0144\u00a0po?<\/p>\n<p>Bar\u00addzo chcia\u00ad\u0142a\u00adbym wyra\u00adzi\u0107 tutaj podzi\u0119\u00adko\u00adwa\u00adnia w\u00a0imie\u00adniu Zarz\u0105du Forum Pol\u00adskich Szkol w\u00a0Holan\u00addii naszym spon\u00adso\u00adrom i\u00a0sympatykom.<\/p>\n<p>Nasze naj\u00adgo\u00adr\u0119t\u00adsze podzi\u0119\u00adko\u00adwa\u00adnia niech zechc\u0105 przy\u00adj\u0105\u0107 nast\u0119\u00adpu\u00adj\u0105ce osoby i\u00a0organizacje:<\/p>\n<ul>\n<li>Sto\u00adwa\u00adrzy\u00adsze\u00adnie \u201eWsp\u00f3l\u00adnota Pol\u00adska\u201d z\u00a0Warszawy<\/li>\n<li>Kon\u00adsul RP w\u00a0Kr\u00f3\u00adle\u00adstwie Nider\u00adlan\u00add\u00f3w\u2013 Pan Leszek Rowicki<\/li>\n<li>Patron medialny VIII Wier\u00adszo\u00adwi\u00adska <a href=\"http:\/\/www.niedziela.nl\/\" target=\"_blank\">www.niedziela.nl<\/a> i\u00a0Pan Krzysz\u00adtof Birlet<\/li>\n<li>Por\u00adtal Polo\u00adnii Holen\u00adder\u00adskiej \u2014 <a href=\"http:\/\/www.polonia.nl\/\" target=\"_blank\">www.Polonia.nl<\/a> i\u00a0Pani Ma\u0142\u00adgo\u00adrzata Bos-Karczewska<\/li>\n<li>Polsko-Niderlandzkie Sto\u00adwa\u00adrzy\u00adsze\u00adnie Kul\u00adtu\u00adralne i\u00a0Pani Kry\u00adstyna Bukowiec<\/li>\n<li>Pan Rafa\u0142 Przy\u00adtu\u0142a z\u00a0firmy \u201eChi\u00adna\u00adski Reno\u00adva\u00adtie Katwijk\u201d<\/li>\n<li>Pan Tomasz Kara\u00adwaj\u00adczyk, kt\u00f3ry\u00a0zadba\u0142 o\u00a0pi\u0119kne dyplomy dla wszyst\u00adkich uczest\u00adni\u00adk\u00f3w oraz\u00a0sce\u00adna\u00adriu\u00adsze Wier\u00adszo\u00adwi\u00adska. pro\u00adgram (wi\u0119\u00adcej \/\u00a0meer)\u2026<\/li>\n<li>Pa\u0144\u00adstwo Ania i\u00a0\u0141ukasz D\u0119bscy.<\/li>\n<\/ul>\n<p>Bar\u00addzo Wam dzi\u0119\u00adku\u00adjemy z\u00a0pomoc w\u00a0zor\u00adga\u00adni\u00adzo\u00adwa\u00adniu VIII Wier\u00adszo\u00adwi\u00adska i\u00a0liczymy na\u00a0Was za\u00a0rok!<\/p>\n<p>&nbsp;<\/p>\n<p>W\u00a0imie\u00adniu Zarz\u0105du Forum Pol\u00adskich Szk\u00f3\u0142 w\u00a0Holan\u00addii,<br \/>\n<strong><em>Ma\u0142\u00adgo\u00adrzata Evertse-Sm\u00f3\u0142ka<\/em><\/strong><\/p>\n<p>&nbsp;<\/p>\n<p><strong>VIII Wier\u00adszo\u00adwi\u00adsko<\/strong> \u201e<strong>\u201e<\/strong><strong>Poje\u00addziemy w\u00a0\u015bwiat daleki, czyli wier\u00adszo\u00adwane podr\u00f3\u017ce\u2026<\/strong><strong>\u201d- lista nagrodzonych.<\/strong><\/p>\n<p>Indy\u00adwi\u00addu\u00adal\u00adnie<\/p>\n<p><strong>Kate\u00adgo\u00adria wie\u00adkowa od\u00a04 do\u00a06\u00a0lat.<\/strong><\/p>\n<p>I\u00a0miej\u00adsce\u2013 Piotr van Dijk, Szko\u0142a w\u00a0Rotterdamie<\/p>\n<p>II miej\u00adsce\u2013 Wic\u00adto\u00adria Graj, Szko\u0142a w\u00a0Den\u00a0Haag<\/p>\n<p>III miej\u00adsce \u2013Laura de Meij van Stre\u00adef\u00adkerk, Szko\u0142a w\u00a0Den\u00a0Haag<\/p>\n<p><strong>Wyr\u00f3\u017c\u00adnie\u00adnia:<\/strong><\/p>\n<ul>\n<li><strong>Vic\u00adto\u00adria van der Meer, Szko\u0142a w\u00a0Den\u00a0Haag<\/strong><\/li>\n<li><strong>Julek Bus\u00adsel, <\/strong><strong>Szko\u0142a<\/strong><strong> w\u00a0Eindhoven<\/strong><\/li>\n<\/ul>\n<p><strong>Kate\u00adgo\u00adria wie\u00adkowa od\u00a07 do\u00a09\u00a0lat.<\/strong><\/p>\n<p>I\u00a0miej\u00adsce\u2013 Nata\u00adlia van Dijk, Szko\u0142a w\u00a0Rotterdamie<\/p>\n<p>II miej\u00adsce\u2013 Kaja Pie\u00adcyk, Szko\u0142a w\u00a0Rotterdamie<\/p>\n<p>III miejsce-Karolina Aerts, Szko\u0142a w\u00a0Eindhoven<\/p>\n<p>III miejsce-Karolina de Vries, Szko\u0142a w\u00a0Utrechcie<\/p>\n<p><strong>Wyr\u00f3\u017c\u00adnie\u00adnie:<\/strong><\/p>\n<ul>\n<li>Mar\u00adcel Kaczor, Szko\u0142a w\u00a0Rotterdamie<\/li>\n<\/ul>\n<p><strong>Kate\u00adgo\u00adria wie\u00adkowa od\u00a010 do\u00a013\u00a0lat.<\/strong><\/p>\n<p>I\u00a0miej\u00adsce\u2013 Nata\u00adlie Brand, Szko\u0142a w\u00a0Rotterdamie<\/p>\n<p>II miej\u00adsce\u2013 Nata\u00adlie van Deur\u00adsen, Szko\u0142a w\u00a0Rotterdamie<\/p>\n<p>III miej\u00adsce\u2013 Karo\u00adlina Buszel, Szko\u0142a w\u00a0Eindhoven<\/p>\n<p>III miej\u00adsce\u2013 Jan van der Lin\u00adden, Szko\u0142a w\u00a0Rotterdamie<\/p>\n<p><strong>Gru\u00adpowo.<\/strong><\/p>\n<p>I\u00a0MIEJSCE\u2013 SZKO\u0141A W\u00a0UTRECHCIE<\/p>\n<p>II MIEJSCE\u2013 SZKO\u0141A W\u00a0NIJMEGEN oraz\u00a0SZKO\u0141A W\u00a0ROTTERDAMIE<\/p>\n<p>III MIEJSCE\u2013 SZKO\u0141A W\u00a0BREDZIE oraz\u00a0SZKO\u0141A W\u00a0TILBURGU<\/p>\n<p>Zdj\u0119cia na stronie Polskiej Szko\u0142y w Schiedam<\/p>\n<p><a href=\"https:\/\/plus.google.com\/photos\/106896107066922179307\/albums\/5213322898011832337?banner=pwa\">https:\/\/plus.google.com\/photos\/106896107066922179307\/albums\/5213322898011832337?banner=pwa<\/a><\/p>\n","protected":false},"excerpt":{"rendered":"<p> 2008 <\/p>\n<p>VIII Festi\u00adwal Pol\u00adskiej Poezji dla Dzieci Wier\u00adszo\u00adwi\u00adsko 2008 : \u201cPojedziemy w \u015bwiat daleki, czyli wier\u00adszo\u00adwane podr\u00f3\u017ce\u201d<\/p>\n<\/p>\n<p>Dla wszyst\u00adkich wspa\u00adnia\u00ad\u0142ych dzieciak\u00f3w, uczest\u00adni\u00adk\u00f3w Wier\u00adszo\u00adwi\u00adska 2008.<\/p>\n<p>&nbsp;<\/p>\n<p>Sza\u00adnowne aktorki! Sza\u00adnowni aktorzy!<\/p>\n<p>Niech trema na sce\u00adnie was dzi\u00adsiaj nie zmorzy,<\/p>\n<p>publicz\u00adno\u015b\u0107 was nie zje, nie u\u015bpi jej nuda,<\/p>\n<p>niech b\u0119dzie wspa\u00adniale i wszystko si\u0119 uda!<\/p>\n<p> [&#8230;]<\/p>\n","protected":false},"author":1,"featured_media":0,"parent":107,"menu_order":6,"comment_status":"closed","ping_status":"closed","template":"","meta":{"ngg_post_thumbnail":0,"spay_email":""},"_links":{"self":[{"href":"https:\/\/www.wierszowisko.com\/index.php?rest_route=\/wp\/v2\/pages\/215"}],"collection":[{"href":"https:\/\/www.wierszowisko.com\/index.php?rest_route=\/wp\/v2\/pages"}],"about":[{"href":"https:\/\/www.wierszowisko.com\/index.php?rest_route=\/wp\/v2\/types\/page"}],"author":[{"embeddable":true,"href":"https:\/\/www.wierszowisko.com\/index.php?rest_route=\/wp\/v2\/users\/1"}],"replies":[{"embeddable":true,"href":"https:\/\/www.wierszowisko.com\/index.php?rest_route=%2Fwp%2Fv2%2Fcomments&post=215"}],"version-history":[{"count":9,"href":"https:\/\/www.wierszowisko.com\/index.php?rest_route=\/wp\/v2\/pages\/215\/revisions"}],"predecessor-version":[{"id":2567,"href":"https:\/\/www.wierszowisko.com\/index.php?rest_route=\/wp\/v2\/pages\/215\/revisions\/2567"}],"up":[{"embeddable":true,"href":"https:\/\/www.wierszowisko.com\/index.php?rest_route=\/wp\/v2\/pages\/107"}],"wp:attachment":[{"href":"https:\/\/www.wierszowisko.com\/index.php?rest_route=%2Fwp%2Fv2%2Fmedia&parent=215"}],"curies":[{"name":"wp","href":"https:\/\/api.w.org\/{rel}","templated":true}]}}